lculate 35 + ((-31 - -25) + 22 - 117).
-66
Evaluate (-99 - 0 - -88) + -71.
-82
What is the value of -13 + 68 + -136 + 59?
-22
Calculate -22 + (-117 - -64) - -40.
-35
Evaluate 14 + (66 - 51) + -31.
-2
Calculate 26 + (4 - 20) + 0 + 44 + -13.
41
Evaluate 53 + (18 - (26 + -18 + -16 + 22)).
57
Calculate -59 - (-164 - (-51 - -46)).
100
Calculate (-71 - -66) + -1 + (6 - -12) - (36 - 1).
-23
-22 - ((19 - 0) + -55 - 14)
28
What is the value of -21 - (-59 + 18 - -23 - 41)?
38
Calculate -20 - (-10 + 49 - -22) - 40.
-121
Calculate (-32 - -4) + (-11 - (65 + -64 - (17 - 1))).
-24
What is the value of -4 + 7 + (-1683 - -1664)?
-16
What is -82 - (1 + 4 - (-4 - -2 - -14 - 21))?
-96
What is the value of (-80 - (-84 - -5)) + 4 + -65?
-62
Evaluate -3 - (0 - -27 - (124 - 75)).
19
What is -48 - (-24 + 3 + 4 - (131 + -133))?
-33
-327 + 69 - -78 - -99
-81
What is (-1 - (9 + -7)) + 0 + 12 - (73 - 4)?
-60
What is the value of 129 - (114 + (34 - 112))?
93
Evaluate 17 + (-213 + 197 - (1 - -4) - -37).
33
10 + -5 + -10 + (23 - (2 + 7))
9
What is -117 + 15 + (-1 - (24 - -1)) + 25?
-103
(-8 - -21) + 5 - (195 + -133)
-44
What is the value of ((1 - (6 + -14)) + -9 - 6) + 3 + 46?
43
-82 + 2 + (-5 - 3) + -28
-116
What is the value of -136 - -127 - ((7 - (8 - 7)) + -6)?
-9
20 - (-75 + (-40 - -7) + (9 - -10))
109
Evaluate -119 - -1 - (532 - 531).
-119
What is the value of 20 + -24 - 6 - (1 - (9 - -3))?
1
What is the value of ((-1 - (-1 + 11)) + (-20 - -21) - -6) + -1?
-5
What is the value of 18 - (7 + -7 + -1 + 11) - (42 + 7)?
-41
Calculate -7 + 0 + 4 + -21 + -84.
-108
Evaluate -6 - (-84 + 94 - (1 - 16 - (1 - -1))).
-33
What is the value of -92 - ((23 - (10 - -6)) + (-5 - -11))?
-105
-2024 + 2051 + ((-3 - -6) + -2 - 17)
11
(-25 - (-146 + 41 + 86)) + -97 + (1 - 1)
-103
Calculate (1 + -15 - -12 - (1 - 24)) + -13 + -112.
-104
-3 - -33 - (9 + 10) - -16
27
Evaluate -7 + 22 + (19 - -10) + -15.
29
Evaluate -74 + (-175 + 162 - 12).
-99
What is (-56 - -12 - (0 - 4)) + 32 + (18 - 47)?
-37
Evaluate 15 + 76 + 48 + -61.
78
Evaluate (-87 - (-32 - -3)) + 48.
-10
Calculate 18 + (-14 - (24 - (7 + -19))).
-32
What is -9 - 1 - (-87 - -84 - (-33 + 8 + 7))?
-25
What is the value of (-49 - (-59 + 65)) + 71?
16
What is the value of (-56 - (21 + -39)) + 39?
1
-7 + 4 - (-56 + 44) - 38
-29
Evaluate -10 + -4 + 23 + -17 + 10.
2
Evaluate (-45 + 39 - (1 + 2 - -3)) + 4 + 12.
4
Evaluate 24 + (17 - -6) + -124 - (-1 + 1 + -4).
-73
What is (-36 + -61 - 5) + (9 - (-6 - -3))?
-90
-7 - (2678 + -2691 + (-1 + 0 - 17))
24
Evaluate (-66 + -5 - 8) + 12 + -16 + 14.
-69
Evaluate 1 + (-6 + -3 - (3 + (-1 - 2))).
-8
Calculate (4 - (-2 - -8)) + (61 - 22) + 1 + 0.
38
What is the value of (-90 - -55) + 40 + -59?
-54
Evaluate (-87 - (-50 - -18)) + 77.
22
What is 10 - (-6 - -41) - (3 + 2 + -6 + 4)?
-28
-3085 + 3043 - (3 - (-1 - 2))
-48
Evaluate 2 - 11 - (108 - 127) - (24 - 2).
-12
What is -66 - (9 + -12 - 8) - (-14 + -7 + 6)?
-40
Evaluate -74 + 129 + -108 - (-13 - (1 + 1)).
-38
What is the value of -30 + (-87 - -139) + 49?
71
What is -4 - (31 - 43) - -6?
14
What is (12 + (1 - 8) - -1) + -1 - (7 + 120)?
-122
Calculate 147 + (15 - 164) + (-4 - (-1 + 0)).
-5
What is -11 - ((-8 - 17 - -9) + -48)?
53
What is the value of -8 + 6 + (6 - (3 + -7) - (0 + 13))?
-5
Evaluate 136 - 204 - (22 - 10).
-80
Calculate 205 + -117 + -66 + 83.
105
Calculate -6 - (-12 - -108) - (-15 + (11 + -8 - -4)).
-94
(29 - -1 - (-324 + 347)) + (39 - 1)
45
What is 24 + -19 + (33 - 7) - 112?
-81
What is 2 + 56 + 2 + -3 + 2 + 4453 + -4461?
51
What is 680 + -711 + (3 - 2) + 42?
12
Calculate 6 + (1 + -6 - ((-16 - -21) + -23 - 0)).
19
Evaluate 2 + (30 + 44 + -112 - (0 - 1)).
-35
What is the value of 7 + (3 - -2) + (7 - 57) + -10 + 10?
-38
What is the value of 42 - (15 + -1 - (583 + -571))?
40
What is the value of (3 - (8 + -5 + 11)) + -3 - -4 - -81?
71
-3 + 4 + -18 + (120 - 72) + -27
4
Evaluate (-274 - (3 - 138)) + 121.
-18
-11 + (-66 - -74) - (0 + -4 - (1 - 54))
-52
What is -19 + (94 - (-39 - -26)) + -12?
76
Calculate -30 + 21 + -17 + 52 + -13.
13
8 + -91 + 109 - -47
73
Evaluate 56 - (-1 + 10 - (-5 + -3 + 6)).
45
Calculate -51 - (-37 - (-5 + 44)).
25
What is (4 - -22) + -16 + (10 + -4 - -4 - 19)?
1
Calculate (-4377 - -4471) + -77 + 2.
19
Calculate 20 + 102 + -8 - 61.
53
Calculate 56 - (-119 + 119 - (3 - 19)).
40
4 - -3 - ((55 - 2) + -7 + -5)
-34
What is -48 - (43 - 3 - 67)?
-21
What is the value of -23 - -1 - (45 - (-4 - (38 + -25)))?
-84
Evaluate -49 - -1 - (759 - 752) - 8.
-63
What is the value of (9 - -3) + -257 + 233?
-12
What is the value of 4 + 11 + 15 - 14 - -23?
39
What is the value of -10 + 0 - (33 + (286 - 321))?
-8
Calculate -3 + 1 + 8 + (52 + 12 - 35).
35
Calculate 1 - -38 - (-11528 - -11531).
36
-2 + -8 + 244 + -224
10
What is 1 - ((44 - 2) + (-141 - -121))?
-21
What is (60 - (148 + -75)) + 84?
71
Evaluate (63 - (30 - -133) - -66) + (1 - 22).
-55
What is the value of 20 - (-1 + 13) - 2 - (-28 - -15)?
19
Evaluate (3 - ((4 - 5) + (10 - 1))) + 4164 + -4103.
56
What is 33 - ((4 - -144) + (-189 - -170))?
-96
Evaluate -88 - (-21 + -28 + -87).
48
Evaluate -22 - (-1 + (-2 - -3) + -2 + (12 - 3)).
-29
Calculate (1 - -21) + -4392 + 4336.
-34
Calculate (65 - (0 + 2)) + ((-48 - -26) + -17 - -27).
51
-5 + 0 + (1 - 16 - (-57 + 54 + -6))
-11
What is -236 + 72 + 25 + 91?
-48
Calculate -11 + (29 - 36 - (-143 + 3)).
122
(-18 - -18) + -48 - (-13 - 22)
-13
Calculate 17 + 1 + (263 - 54) + -312.
-85
What is (-4 - (-5 + 16)) + (-128 - -126)?
-17
What is -17 - (-98 - (-32 + (27 - 9)))?
67
Calculate 56 + 13 + (-55 - -34).
48
What is (3 - (16 - 7 - 15)) + 151 + -135?
25
4 + -47 + (8 - 11 - 8 - -17)
-37
Evaluate 81 + (-72 - -100 - 82).
27
What is the value of 122 + -1 - (25 - (-67 - -80))?
109
What is the value of (-27 + 93 - 61) + -25?
-20
Evaluate 55 + (-20 + -2 - (42 + -50)).
41
What is the value of 2 + -105 + (94 - 9 - 38) + -36?
-92
What is the value of -69 + 28 + 116 + -53?
22
What is (-3 - (7 - -30)) + 11 + -1 + -1?
-31
What is (-80 - -92 - -29) + -11 + -1 + -1?
28
What is -7 + (6 - -10) + 65 - (14 - (6 + 0))?
66
Calculate (1 - -11) + (905 - 868).
49
Evaluate -48 + 4 + 3 + 18 + (6 - 5).
-22
Calculate -23 + (65 - (29 + 74)).
-61
What is 0 + (-77 - -50 - -79)?
52
What is -130 - -88 - 21 - 8?
-71
What is 0 + (4 - 12) + 10 + -15 + -41 - -9?
-45
What is the value of 5 - (-19 + (22 - 4)) - 8?
-2
Calculate 9 - (-111 + 51) - 48.
21
What is -15 + (-2 + 10 - (37 - 33)) + -89?
-100
Evaluate (38 - (14 - (35 - 20))) + -141.
-102
What is -17 + 447 + -423 + 2 + 52?
61
Calculate (-259 - -252) + -6 + -1 + (12 - 8).
-10
What is the value of (9 - (-27 - -26)) + -14 - (-3 - 58)?
57
What is the value of 1 + (27 - (9 - -48))?
-29
What is -60 + -21 + 69 - -42?
30
Calculate -8 + -64 - (-58 + -16).
2
What is the value of 5 + (-15 - (7 - 1 - (35 - -25)))?
44
-25 + (19 - -3 - 1) - 7
-11
Calculate 33 + -20 - 6 - -34.
41
Calculate -152 + 124 - (-61 - (-30 - -18)).
21
(13 - 31) + -7 + (5 + 0 - (-73 + 74))
-21
Calculate 8 + -10 + 6 - (-12 + 20 + -12) - 58.
-50
(51 + -48 - 17 - (-119 + 1)) + 7
111
Evaluate -11 - ((24 + -31 - -13) + -23) - -7.
13
What is 31 + (-6 - -3) - (-14 + 27 + (-7 - 12))?
34
What is -15 + 24 + -10 + 60?
59
What is the value of -154 - -366 - 199 - (0 + 93 - -2)?
-82
(25 - (21 - -29)) + 23 - (1 + -17)
14
Evaluate -27 - -2 - (1 - 14).
-12
Evaluate (-5 - (-4 - (2 - 4))) + -13 + -3 + 50.
31
(2 - 24) + (-32 + 1 - -71)
18
What is 5 + 5 + 17 - 0 - (-43 + (5 - -45))?
20
What is 9 + -12 - (-77 - (13 - 2 - (3 - -7)))?
75
What is the value of -22 + (-27 - -16) + (-20 - -4)?
-49
1288 + -1320 + (0 - 25)
-57
-12 + (-12 - (54 + -24))
-54
Calculate 51 - (-24 + 60 - -28).
-13
(-45 - -81) + -1 + 4 + -6
33
Evaluate 13 + -20 + (16 - 32).
-23
What is the value of (0 + -1 - (3 - (3 - -3))) + -41 + 49?
10
What is (-32 - -27) + (6 - -28) + 42?
71
What is the value of -1 - -11 - (101 + (-107 - 21))?
37
Calculate -13 - ((-5 - -8 - 0) + -9 + (-3 - -35)).
-39
Evaluate 21 - ((154 - 161) + (58 - 1)).
-29
What is -8 - (-19 + -58 + 135)?
-66
What is (-2022 - -2091) + -2 + -6 + (2 - 4) + 2?
61
Evaluate 54 - (6 - -13) - 72 - -77.
40
What is -81 - (9 + 6 + -17 + -13 + 3)?
-69
Evaluate -2 - ((1 - -2) + -14 + -13 + 7).
15
What is the value of -407 + 392 + (26 - (3 + -2)) + 0 + -12?
-2
Evaluate 44 - (-36 - -96) - (0 - 19).